n s is divided by 35?
34
Suppose -5*j - 2*m + 542 = 0, 3*j + 2*j = -3*m + 538. What is the remainder when j is divided by 56?
54
Let o = 176 - 126. What is the remainder when 99 is divided by o?
49
What is the remainder when (-5)/(-20) - (-2 + 5721/(-12)) is divided by 30?
29
Calculate the remainder when 12/9 - (-3885)/63 is divided by 6.
3
Let x be 24/(-54) - 44/(-18). Suppose -5*i - a + 597 = -4*a, -5*i + 602 = x*a. Calculate the remainder when i is divided by 21.
15
Suppose 4*n - 3*n = 12. Let x = -36 + -30. Let c = x - -74. What is the remainder when n is divided by c?
4
Suppose -15 = -2*h - 3*h. Suppose 3*j + h*z - 25 - 38 = 0, 86 = 4*j + 5*z. What is the remainder when j is divided by 5?
4
Let o(r) = -r**3 - 6*r**2 - 18*r - 87. What is the remainder when (24/(-9))/((-4)/90) is divided by o(-6)?
18
Let h(f) = -f**2 - 6*f. Let t = -3 - -7. Calculate the remainder when (t - (3 - 22)) + -1 is divided by h(-4).
6
Calculate the remainder when (-8)/(-16) + (-763)/(-2) is divided by 64.
62
Let m(y) = y**3 - 32*y**2 + 34*y - 88. Calculate the remainder when (-8*3)/(3/(-2)) is divided by m(31).
1
Suppose -3*z + 182 + 74 = -4*i, -4*i + 164 = 2*z. Let l(a) = 6*a + 293. What is the remainder when z is divided by l(-46)?
16
Let u = 113 + -53. What is the remainder when u is divided by 14?
4
Suppose 2*b - 67 = -7. Suppose 115 = -5*s + 5*n, 2*s + n = -2*n - 46. Let z = s + 31. Calculate the remainder when b is divided by z.
6
Let p = 119 - 72. Let h = -1354 - -1370. What is the remainder when p is divided by h?
15
Let x be 1*3*(9 + -10 + -6). Let o(b) = -b**3 - 23*b**2 - 43*b - 4. Calculate the remainder when o(x) is divided by 10.
7
Let o be 6/21 + (-297)/(-63). Calculate the remainder when (-7)/((-7)/o) + 43 is divided by 13.
9
Suppose -3*s = 6*c - c - 183, -177 = -5*c + 3*s. Let z(n) = 3*n**2 - 34*n - 16. Calculate the remainder when c is divided by z(12).
4
Suppose 4*m - 266 - 570 = -4*j, 857 = 4*j - 3*m. What is the remainder when j is divided by 44?
36
Let j = -6 - 11. Let i = j - -36. What is the remainder when 92 is divided by i?
16
Let o(r) = -r**3 - 6*r**2 - 3*r - 7. Suppose 46 = 2*l + g, -5*g - 15 = -5*l + 70. What is the remainder when l is divided by o(-6)?
10
Suppose -m = -p - 0*p + 2, 0 = -2*m + p - 4. Let d = 16 + m. Let b(w) = -2*w**2 + 382*w + 27. Calculate the remainder when b(0) is divided by d.
13
Suppose 2*k = -12 + 154. Suppose -4*f = -2*f + 5*r - 9, 4*r = 3*f - k. Let p(m) = -m**2 + 21*m + 31. Calculate the remainder when p(21) is divided by f.
14
Suppose -155 = -2*j + y - 5, -386 = -5*j - 3*y. Calculate the remainder when (-2)/((-10)/40 - (-15)/j) is divided by 8.
6
Let q = 176 - -160. Calculate the remainder when q is divided by 17.
13
Suppose 3*y - 4*y + 58 = 0. Calculate the remainder when 226 is divided by y.
52
Let l = 26 + -54. Let o be (-125)/(-3) + (-2)/3. Let y = o + l. What is the remainder when y is divided by 7?
6
What is the remainder when ((-6)/18)/(7/(-6258)) is divided by 50?
48
Suppose -y + 58 = -52. Let t = y + -67. Let v = -2958 - -2973. What is the remainder when t is divided by v?
13
Suppose 5*v = -3*o + 1270, -62*v + 66*v = 5*o + 1053. What is the remainder when v is divided by 82?
11
What is the remainder when 263 is divided by 1564/29 + 10/145?
47
Suppose 3*g = -5 + 5. Suppose g = i - 3*t - 33 - 29, 2*t = 8. Calculate the remainder when i is divided by 26.
22
Suppose -4*g = -5*g + 72. Suppose -3*o = 3*o - g. Calculate the remainder when 33 is divided by o.
9
Let w(m) = -m**2 - 6*m + 2. Suppose -18 - 3 = 3*k. Let n be w(k). What is the remainder when (-387)/n + (-6)/(-10) is divided by 20?
18
Suppose 0*c = -4*c - 5*h - 15, 0 = c - 3*h - 9. Suppose s - n - 19 = c, n + 20 = 4*s - 47. Let g = s - -87. What is the remainder when g is divided by 26?
25
Let m be (-2 - (-48)/18)/(1/66). Suppose 0 = -3*v + m - 5. Calculate the remainder when v is divided by 2.
1
Let u = -60 + 64. What is the remainder when 14 is divided by (26/10 + -1)/(u/10)?
2
Let i be 2/((-3)/15*2). Let p(m) = -m**2 - 4*m + 10. Let u be p(i). What is the remainder when 46 is divided by 15*(u - 4) + -3?
10
Let g be (-24)/20*(-15)/2. Let j = 7 - g. Let a = 9 + j. Calculate the remainder when a is divided by 3.
1
Suppose 22*w - 3*g = 19*w + 576, -5*w - 3*g + 920 = 0. What is the remainder when w is divided by 63?
61
Let i(d) = -d + 48. Calculate the remainder when 412 is divided by i(41).
6
Suppose 5*i = -4*g + 12, 8 = 4*g + 4*i - 0*i. Let m be (280/25)/(g/(-10)). Let x = -29 + m. What is the remainder when x is divided by 10?
7
Suppose -3*a = -0 - 6. Suppose 4*y - a*y + 3*u - 3 = 0, 4*y + 2*u - 26 = 0. Let z = y - 6. What is the remainder when 10 is divided by z?
1
Let s = 12 + -33. Let o = s - -47. What is the remainder when 127 is divided by o?
23
Let q be ((-34)/6)/((-6)/36). Suppose 0 = 5*x + 2*l + l - 44, -3*x + 2*l = -q. Calculate the remainder when x is divided by 3.
1
Suppose -f = 5*k - 95 - 65, k - 4*f - 32 = 0. What is the remainder when 1372 is divided by k?
28
Suppose 4*v = 23 + 177. Suppose z - f = -3*z + v, -2*f = 4*z - 56. What is the remainder when 46 is divided by z?
7
Let h(n) = -n**3 - 11*n**2 - 10*n + 4. Calculate the remainder when 59 is divided by h(-10).
3
What is the remainder when 71 is divided by 20/(-2)*(-4)/5?
7
Suppose -5*r = -3*s + 13, 0 = -3*s + 2*r + 15 + 1. What is the remainder when 221 is divided by s?
5
Let g = 135 - 133. Suppose 0 = -5*m + r + 39, 4*m - 3*r = 36 + 4. What is the remainder when m is divided by g?
1
Suppose 0 = 2*y - 2*j - 41 - 45, j + 227 = 5*y. Calculate the remainder when 155 is divided by y.
17
Let a = 12 + 11. Let d be 1 - ((-1 - 24) + -2). Let y = 96 - d. Calculate the remainder when y is divided by a.
22
Let i(o) = 27*o - 574. What is the remainder when i(24) is divided by 25?
24
Let g = -380 - -628. Suppose 3*m + g = 4*m. What is the remainder when 67 is divided by m/18 - (-4)/18?
11
Let f = 614 + -438. Suppose -147 = 4*z + 245. Let y = z + f. What is the remainder when y is divided by 16?
14
Suppose 0*o = 4*o + 300. Let b = -58 - o. What is the remainder when 49 is divided by b?
15
Let c = 80 - -47. Calculate the remainder when c is divided by 16.
15
Let o(q) = q**2 + 8*q + 60. What is the remainder when o(-7) is divided by 8?
5
Suppose -x = 0, 3*z - 3*x + 87 = 2*x. Let h = z - -31. Calculate the remainder when 1/((-6)/(-57))*h is divided by 4.
3
Suppose 6*a + 1285 = 5*x + 7*a, 2*x - 3*a - 514 = 0. What is the remainder when x is divided by 33?
26
Let i = -79 + 82. Suppose i*c - 35 + 2 = 0. Let w = -7 - -27. What is the remainder when w is divided by c?
9
Let l = 30 + -30. Let p = l - -3. What is the remainder when (-101)/(-9) + 2/(-9) is divided by p?
2
Suppose 0 = -5*x, -10*f + 5*x = -12*f + 108. Let m(n) = n + 7. What is the remainder when f is divided by m(7)?
12
Calculate the remainder when 7 + (-6 - 8/(-3)*381) is divided by 20.
17
Suppose -d = -69 - 58. What is the remainder when d is divided by 15?
7
Let o(v) = -v**2 - 12*v + 9. Let g be o(-13). Calculate the remainder when (-8 - -4 - g) + 31 is divided by 7.
3
Calculate the remainder when 3*(-5)/60*-628 is divided by 38.
5
Let k = 22573 + -22558. Let j = -68 + 95. Calculate the remainder when j is divided by k.
12
Suppose -4*g + 3*f = -65, 0*g + 3*f = -5*g + 115. What is the remainder when 24 is divided by g?
4
Suppose 4*d - 106 = -2*y, 0*d + 3*d - 3*y - 102 = 0. What is the remainder when d is divided by 12?
5
Suppose 5*y - 10 = 0, -3*o = -0*y - 2*y + 142. Let c = -34 - o. What is the remainder when 58 is divided by c?
10
Let d(n) = -5*n**3 + 390*n**2 - n + 149. Let f(s) = 38*s - 1. What is the remainder when d(78) is divided by f(1)?
34
Suppose -6*o + 5*o - 4*j + 64 = 0, -4*o = j - 166. Let s = 29 + -14. Calculate the remainder when o is divided by s.
10
Suppose 0 = 3*b - 2*u - 311, u - 9 = -3*b + 308. What is the remainder when b is divided by 12?
9
Calculate the remainder when (10*2/12)/(23/2553) is divided by 48.
41
Suppose -64 = -4*c + 4*x, -3*x - 56 = -4*c + 4. Calculate the remainder when 124 is divided by c.
4
Let o(u) = 6*u**3 + 61*u**2 + 2*u + 23. Calculate the remainder when 924 is divided by o(-10).
100
Let b(z) = -z**2 - 4*z - 3. Let j be b(-3). Let i(a) = a + 16. What is the remainder when (2 + 78)*(1 - j) i